{"id":62,"date":"2025-05-15T14:31:35","date_gmt":"2025-05-15T14:31:35","guid":{"rendered":"https:\/\/eadweard.mikimalio.com\/domains\/eadweard.mikimalio.com\/?page_id=62"},"modified":"2026-04-08T11:11:49","modified_gmt":"2026-04-08T11:11:49","slug":"about-me","status":"publish","type":"page","link":"https:\/\/tomasholub.art\/?page_id=62","title":{"rendered":"O MN\u011a"},"content":{"rendered":"\n<div class=\"wp-block-columns is-layout-flex wp-container-core-columns-is-layout-28f84493 wp-block-columns-is-layout-flex\">\n<div class=\"wp-block-column is-layout-flow wp-block-column-is-layout-flow\">\n<figure class=\"wp-block-image size-full\"><img loading=\"lazy\" decoding=\"async\" width=\"657\" height=\"865\" src=\"https:\/\/tomasholub.art\/wp-content\/uploads\/2026\/02\/TomHolub_on2.jpg\" alt=\"\" class=\"wp-image-241\" srcset=\"https:\/\/tomasholub.art\/wp-content\/uploads\/2026\/02\/TomHolub_on2.jpg 657w, https:\/\/tomasholub.art\/wp-content\/uploads\/2026\/02\/TomHolub_on2-228x300.jpg 228w\" sizes=\"auto, (max-width: 657px) 100vw, 657px\" \/><\/figure>\n<\/div>\n\n\n\n<div class=\"wp-block-column is-layout-flow wp-block-column-is-layout-flow\">\n<div class=\"wp-block-columns is-layout-flex wp-container-core-columns-is-layout-28f84493 wp-block-columns-is-layout-flex\">\n<div class=\"wp-block-column is-layout-flow wp-block-column-is-layout-flow\">\n<h4>Prohl\u00e1\u0161en\u00ed um\u011blce<\/h4>\n<p>\u017dijeme ve spole\u010dnosti, kter\u00e1 je vysoce organizovan\u00e1 a snad na v\u0161echno u\u017e n\u011bkdo napsal manu\u00e1l. Prostor pro p\u0159irozenou lidskou vynal\u00e9zavost se zmen\u0161uje. Odevzd\u00e1ni syst\u00e9mu p\u0159ij\u00edm\u00e1me role a jedeme podle sc\u00e9n\u00e1\u0159\u016f, kter\u00e9 zpravidla napsal n\u011bkdo jin\u00fd. Um\u011bn\u00ed je pro m\u011b projevem svobody a odpout\u00e1n\u00edm se od tohoto syst\u00e9mu. Moje tvorba je o hled\u00e1n\u00ed a pro\u0161lap\u00e1v\u00e1n\u00ed vlastn\u00edch cest.<\/p>\n<p>V\u011bnuji se v\u00fdrob\u011b \u0161perk\u016f a v\u00fdtvarn\u00e9 \u010dinnosti. Mysl\u00edm si, \u017ee v ka\u017ed\u00e9m vyroben\u00e9m kousku \u0161perku i v ka\u017ed\u00e9m obrazu by m\u011bl b\u00fdt p\u0159edev\u0161\u00edm kus poctiv\u00e9ho \u0159emesla, p\u00e1r kapek potu a vnit\u0159n\u00edho tr\u00e1pen\u00ed, skrze kter\u00e9 absorbuje energii, kterou si pak nese.<\/p>\n<p>Ne\u010dek\u00e1m, odkud p\u0159ijde inspirace, m\u00e1m zku\u0161enost, \u017ee nejlep\u0161\u00ed n\u00e1pady vych\u00e1zej\u00ed z pr\u00e1ce samotn\u00e9. V\u0161echno si toti\u017e nos\u00edme v sob\u011b. Av\u0161ak m\u011bl-li bych p\u0159eci jen popsat n\u011bjak\u00e9 inspira\u010dn\u00ed zdroje, je to p\u0159\u00edroda. P\u0159\u00edroda jako nejv\u011bt\u0161\u00ed inov\u00e1tor se sv\u00fdmi neust\u00e1vaj\u00edc\u00edmi procesy p\u0159em\u011bn, ch\u00e1tr\u00e1n\u00edm star\u00e9ho a p\u0159erodem v n\u011bco jin\u00e9ho, dosud nev\u00eddan\u00e9ho a \u010dasto geni\u00e1ln\u00edho. V tomto duchu tvo\u0159\u00edm i j\u00e1. Hled\u00e1m \u0159\u00e1d v chaosu stejn\u011b, jako naru\u0161uji zab\u011bhl\u00e9 syst\u00e9my. Jsem jako houba\u0159, kter\u00fd chod\u00ed do lesa a\u017e po sez\u00f3n\u011b. Pro\u010d to d\u011bl\u00e1m? Proto\u017ee lid\u00e9 jsou nedokonal\u00ed a cel\u00fd \u017eivot t\u00e1pou a hledaj\u00ed: sebe, cesty, v\u00fdchodiska, nad\u011bje, c\u00edle, i tu dokonalost.<\/p>\n<\/div>\n<\/div>\n\n\n\n<p><\/p>\n\n\n\n<p><\/p>\n<\/div>\n<\/div>\n\n\n<h4>CV<\/h4>\n<p>*1968 v\u00a0Praze<\/p>\n<p>Od roku 2016 \u017eiji a tvo\u0159\u00edm v\u00a0B\u011bl\u00e9 pod Bezd\u011bzem<\/p>\n<p>P\u016fvodn\u00edm vzd\u011bl\u00e1n\u00edm geodet &#8211; kartograf (ten co vym\u011b\u0159uje ter\u00e9n a kresl\u00ed mapy). Od roku 1991 jsem na voln\u00e9 noze. Za tu dobu jsem pro\u0161el r\u016fzn\u00fdmi obory jako n\u00e1vrh\u00e1\u0159, technolog a design\u00e9r. L\u00e9ta jsem navrhoval a pod vlastn\u00ed zna\u010dkou vyr\u00e1b\u011bl sportovn\u00ed a outdoorov\u00e9 vybaven\u00ed (PIGEON), v\u011bnoval se interi\u00e9rov\u00e9mu designu a provozoval interi\u00e9rov\u00e9 studio (STUDIO UP!) do toho v\u017edy hodn\u011b kreslil, maloval a d\u011blal grafick\u00e9 pr\u00e1ce. Od roku 2015 se v\u011bnuji u\u017e pouze autorsk\u00e9 a um\u011bleck\u00e9 tvorb\u011b jako \u0161perka\u0159 a v\u00fdtvarn\u00edk. Jsem \u010dlenem St\u0159edo\u010desk\u00e9ho sdru\u017een\u00ed v\u00fdtvarn\u00edk\u016f.<\/p>\n<p>Vzd\u011bl\u00e1n\u00ed:<\/p>\n<p>1982 \u2013 1986 SP\u0160 zem\u011bm\u011b\u0159ick\u00e1 Praha, obor Geod\u00e9zie-Kartografie<\/p>\n<p>2007 \u2013 2008 Design\u0161kola Praha, obor interi\u00e9rov\u00fd design<\/p>\n<p>2018 &#8211; 2019 Z\u00e1pado\u010desk\u00e1 univerzita Plze\u0148, obor Design kovu a \u0161perku<\/p>\n\n<h4>\u00a0<\/h4>\n<h4>Autorsk\u00e9 v\u00fdstavy<\/h4>\n<p>2025 Od ko\u0159en\u016f k\u00a0nebes\u016fm, Muzeum Podbezd\u011bz\u00ed, B\u011bl\u00e1 pod Bezd\u011bzem \u2013 malba, \u0161perk<\/p>\n<p>2023 Galerie Kon\u00edrna, Mnichovo Hradi\u0161t\u011b \u2013 malba, \u0161perk<\/p>\n<p>2020 Galerie MKZ, B\u011bl\u00e1 pod Bezd\u011bzem \u2013 malba, \u0161perk<\/p>\n<p>2019 Galerie pal\u00e1c Templ, Mlad\u00e1 Boleslav \u2013 malba, \u0161perk<\/p>\n<p>2015 Navarila boutique, Praha \u2013 \u0161perk<\/p>\n<h4>Skupinov\u00e9 v\u00fdstavy<\/h4>\n<p>2026 Collage Stories, Tur\u00edn (IT) &#8211; kol\u00e1\u017ee<\/p>\n<p>2025 Rabasova galerie Rakovn\u00edk, v\u00fdstava St\u0159edo\u010desk\u00e9ho sdru\u017een\u00ed v\u00fdtvarn\u00edk\u016f<\/p>\n<p>2025 Silver Festival, t\u00e9ma WOW EFEKT, Legnica (PL) \u2013 \u0161perk<\/p>\n<p>2024 Silver Festival, t\u00e9ma EMPATHY, Legnica (PL) \u2013 \u0161perk<\/p>\n<p>2023 Romanian Jewellery Week, Bukure\u0161\u0165 (RO) \u2013 \u0161perk<\/p>\n<p>2023 Madonna, Kladrubsk\u00fd kl\u00e1\u0161ter \u2013 \u0161perk<\/p>\n<p>2023 Silver Festival, t\u00e9ma QUALITY, Legnica (PL) \u2013 \u0161perk<\/p>\n<p>2022 Silver Festival, t\u00e9ma TOUCH, Legnica (PL) \u2013 \u0161perk<\/p>\n<p>2021 Galerie Cihelna, Rosice u Chrudimi \u2013 malba<\/p>\n<h4>Festivaly um\u011bn\u00ed a p\u0159ehl\u00eddky designu<\/h4>\n<p>2025 Meat Design, Ostrava \u2013 \u0161perk<\/p>\n<p>2025 Open ART fest, Praha \u2013 malba, \u0161perk<\/p>\n<p>2025 Mal\u00ed\u0159sk\u00e9 sympozium, B\u011bl\u00e1 pod Bezd\u011bzem<\/p>\n<p>2024 Meat Design, Ostrava \u2013 \u0161perk<\/p>\n<p>2024 Mal\u00ed\u0159sk\u00e9 sympozium, B\u011bl\u00e1 pod Bezd\u011bzem<\/p>\n<p>2023 Meat Design, Ostrava &#8211; \u0161perk<\/p>\n<p>2022 Blickfang, V\u00edde\u0148 (A)\u2013 \u0161perk<\/p>\n<p>2022 Venice Design Contest, Ben\u00e1tky (IT) &#8211; \u0161perk<\/p>\n<p>2020 Prague Design Week, Praha \u2013 \u0161perk<\/p>\n<p>2019 Czech Design Week, Praha \u2013 \u0161perk, malba<\/p>\n<p>2018 Open ART fest, Praha \u2013 malba, \u0161perk<\/p>\n<p>2016 Grace and Glamour, Praha &#8211; \u0161perk<\/p>\n<h4>\u00a0<\/h4>\n<h4>\u00a0<\/h4>\n<h4>Kontakt<\/h4>\n<p>Tyr\u0161ova 78, 294 21 B\u011bl\u00e1 pod Bezd\u011bzem, \u010cesk\u00e1 Republika<\/p>\n<p>e-mail: <a href=\"mailto:tomas@tomasholub.com\">tomas@tomasholub.com<\/a><\/p>\n<p>tel: +420 603 208 579<\/p>","protected":false},"excerpt":{"rendered":"<p>Prohl\u00e1\u0161en\u00ed um\u011blce \u017dijeme ve spole\u010dnosti, kter\u00e1 je vysoce organizovan\u00e1 a snad na v\u0161echno u\u017e n\u011bkdo napsal manu\u00e1l. Prostor pro p\u0159irozenou lidskou vynal\u00e9zavost se zmen\u0161uje. Odevzd\u00e1ni syst\u00e9mu p\u0159ij\u00edm\u00e1me role a jedeme podle sc\u00e9n\u00e1\u0159\u016f, kter\u00e9 zpravidla napsal n\u011bkdo jin\u00fd. Um\u011bn\u00ed je pro m\u011b projevem svobody a odpout\u00e1n\u00edm se od tohoto syst\u00e9mu. Moje tvorba je o hled\u00e1n\u00ed a [&hellip;]<\/p>\n","protected":false},"author":1,"featured_media":0,"parent":0,"menu_order":0,"comment_status":"closed","ping_status":"closed","template":"","meta":{"footnotes":""},"categories":[],"tags":[],"class_list":["post-62","page","type-page","status-publish","hentry"],"_links":{"self":[{"href":"https:\/\/tomasholub.art\/index.php?rest_route=\/wp\/v2\/pages\/62","targetHints":{"allow":["GET"]}}],"collection":[{"href":"https:\/\/tomasholub.art\/index.php?rest_route=\/wp\/v2\/pages"}],"about":[{"href":"https:\/\/tomasholub.art\/index.php?rest_route=\/wp\/v2\/types\/page"}],"author":[{"embeddable":true,"href":"https:\/\/tomasholub.art\/index.php?rest_route=\/wp\/v2\/users\/1"}],"replies":[{"embeddable":true,"href":"https:\/\/tomasholub.art\/index.php?rest_route=%2Fwp%2Fv2%2Fcomments&post=62"}],"version-history":[{"count":9,"href":"https:\/\/tomasholub.art\/index.php?rest_route=\/wp\/v2\/pages\/62\/revisions"}],"predecessor-version":[{"id":839,"href":"https:\/\/tomasholub.art\/index.php?rest_route=\/wp\/v2\/pages\/62\/revisions\/839"}],"wp:attachment":[{"href":"https:\/\/tomasholub.art\/index.php?rest_route=%2Fwp%2Fv2%2Fmedia&parent=62"}],"wp:term":[{"taxonomy":"category","embeddable":true,"href":"https:\/\/tomasholub.art\/index.php?rest_route=%2Fwp%2Fv2%2Fcategories&post=62"},{"taxonomy":"post_tag","embeddable":true,"href":"https:\/\/tomasholub.art\/index.php?rest_route=%2Fwp%2Fv2%2Ftags&post=62"}],"curies":[{"name":"wp","href":"https:\/\/api.w.org\/{rel}","templated":true}]}}